{"id":1252,"date":"2012-05-30T17:10:12","date_gmt":"2012-05-30T10:10:12","guid":{"rendered":"http:\/\/monitor.ivivu.com\/blog\/?page_id=1252"},"modified":"2015-07-20T13:59:40","modified_gmt":"2015-07-20T06:59:40","slug":"cam-nhan-cua-khach-hang","status":"publish","type":"page","link":"https:\/\/www.ivivu.com\/blog\/cam-nhan-cua-khach-hang\/","title":{"rendered":"C\u1ea3m nh\u1eadn c\u1ee7a kh\u00e1ch h\u00e0ng iVIVU"},"content":{"rendered":"<blockquote><p>Qu\u00e1 tuy\u1ec7t!!! B\u1ea1n b\u00e8 t\u00f4i c\u1ee9 h\u1ecfi ho\u00e0i ki\u1ebfm \u0111\u01b0\u1ee3c ph\u00f2ng v\u1eeba r\u1ebb v\u1eeba \u0111\u1eb9p \u1edf \u0111\u00e2u v\u1eady khi th\u1ea5y t\u00f4i post h\u00ecnh l\u00ean Facebook<\/p><\/blockquote>\n<div id=\"attachment_1387\" style=\"width: 310px\" class=\"wp-caption aligncenter\"><img loading=\"lazy\" decoding=\"async\" aria-describedby=\"caption-attachment-1387\" class=\"wp-image-1387 size-full\" title=\"blog.feedback\" src=\"https:\/\/cdn3.ivivu.com\/2012\/05\/blog.feedback.jpg\" alt=\"\" width=\"300\" height=\"255\" srcset=\"https:\/\/cdn3.ivivu.com\/2012\/05\/blog.feedback.jpg 300w, https:\/\/cdn3.ivivu.com\/2012\/05\/blog.feedback-150x127.jpg 150w\" sizes=\"(max-width: 300px) 100vw, 300px\" \/><p id=\"caption-attachment-1387\" class=\"wp-caption-text\">Ch\u1ecb Lan H\u01b0\u01a1ng &#8211; Gi\u00e1m \u0111\u1ed1c \u0111i\u1ec1u h\u00e0nh c\u00f4ng ty Mind Caster.<\/p><\/div>\n<p>&nbsp;<\/p>\n<blockquote><p>Vi\u1ec7c \u0111\u1eb7t ph\u00f2ng kh\u00e1ch s\u1ea1n qua website l\u00e0 1 vi\u1ec7c l\u00e0m r\u1ea5t kh\u00f3 kh\u0103n v\u1edbi nh\u1eefng ng\u01b0\u1eddi l\u1edbn tu\u1ed5i nh\u01b0 t\u00f4i nh\u01b0ng c\u00f3 l\u1ebd ph\u1ea3i t\u1eadp l\u00e0m quen th\u00f4i b\u1edfi v\u00ec gi\u00e1 c\u1ee7a n\u00f3 qu\u00e1 t\u1ed1t<\/p><\/blockquote>\n<div id=\"attachment_1281\" style=\"width: 310px\" class=\"wp-caption aligncenter\"><img loading=\"lazy\" decoding=\"async\" aria-describedby=\"caption-attachment-1281\" class=\"wp-image-1281 size-full\" title=\"nguyen duc khiem\" src=\"https:\/\/cdn3.ivivu.com\/2012\/05\/61372daf69f551e2d399c67665db18d6.jpg\" alt=\"\" width=\"300\" height=\"255\" srcset=\"https:\/\/cdn3.ivivu.com\/2012\/05\/61372daf69f551e2d399c67665db18d6.jpg 300w, https:\/\/cdn3.ivivu.com\/2012\/05\/61372daf69f551e2d399c67665db18d6-150x127.jpg 150w\" sizes=\"(max-width: 300px) 100vw, 300px\" \/><p id=\"caption-attachment-1281\" class=\"wp-caption-text\">Nguy\u1ec5n \u0110\u1ee9c Khi\u00eam &#8211; Ph\u00f3 gi\u00e1m \u0111\u1ed1c s\u00e0n giao d\u1ecbch B\u1ea5t \u0110\u1ed9ng S\u1ea3n B\u1ea3o Khanh<\/p><\/div>\n<blockquote><p>T\u00f4i ngh\u0129 s\u1ef1 ti\u1ec7n l\u1ee3i v\u00e0 th\u00e2n thi\u1ec7n ch\u00ednh l\u00e0 \u0111i\u1ec3m m\u1ea1nh c\u1ee7a iVIVU. R\u00e1t kh\u00e1c bi\u1ec7t v\u1edbi c\u00e1c trang booking kh\u00e1c<\/p>\n<p><img loading=\"lazy\" decoding=\"async\" class=\"aligncenter wp-image-2071 size-full\" title=\"Phan Thanh Yen\" src=\"https:\/\/cdn3.ivivu.com\/2012\/05\/nusinh-du-hoc1.jpg\" alt=\"\" width=\"300\" height=\"255\" srcset=\"https:\/\/cdn3.ivivu.com\/2012\/05\/nusinh-du-hoc1.jpg 300w, https:\/\/cdn3.ivivu.com\/2012\/05\/nusinh-du-hoc1-150x127.jpg 150w\" sizes=\"(max-width: 300px) 100vw, 300px\" \/><\/p>\n<p>C\u1ea3m \u01a1n Ivivu, m\u00ecnh \u0111\u00e3 c\u00f3 1 k\u1ef3 ngh\u1ec9 t\u1ea1i Vinpearl Luxury \u0110\u00e0 N\u1eb5ng th\u1eadt tuy\u1ec7t v\u1eddi. Ivivu r\u1ea5t uy t\u00edn. 5* cho Ivivu. \ud83d\ude42 &#8211; M\u1ed9t l\u1eddi c\u1ea3m \u01a1n tr\u00ean Fanpage iVIVU c\u1ee7a kh\u00e1ch h\u00e0ng<\/p><\/blockquote>\n","protected":false},"excerpt":{"rendered":"<p>Qu\u00e1 tuy\u1ec7t!!! B\u1ea1n b\u00e8 t\u00f4i c\u1ee9 h\u1ecfi ho\u00e0i ki\u1ebfm \u0111\u01b0\u1ee3c ph\u00f2ng v\u1eeba r\u1ebb v\u1eeba \u0111\u1eb9p \u1edf \u0111\u00e2u v\u1eady khi th\u1ea5y t\u00f4i post h\u00ecnh l\u00ean Facebook &nbsp; Vi\u1ec7c \u0111\u1eb7t ph\u00f2ng kh\u00e1ch s\u1ea1n qua website l\u00e0 1 vi\u1ec7c l\u00e0m r\u1ea5t kh\u00f3 kh\u0103n&#8230;<\/p>\n","protected":false},"author":3,"featured_media":2071,"parent":0,"menu_order":0,"comment_status":"open","ping_status":"open","template":"","meta":{"_acf_changed":false,"footnotes":""},"acf":[],"yoast_head":"<!-- This site is optimized with the Yoast SEO Premium plugin v22.6 (Yoast SEO v22.6) - https:\/\/yoast.com\/wordpress\/plugins\/seo\/ -->\n<title>C\u1ea3m nh\u1eadn c\u1ee7a kh\u00e1ch h\u00e0ng iVIVU<\/title>\n<meta name=\"description\" content=\"T\u00f4i ngh\u0129 s\u1ef1 ti\u1ec7n l\u1ee3i v\u00e0 th\u00e2n thi\u1ec7n ch\u00ednh l\u00e0 \u0111i\u1ec3m m\u1ea1nh c\u1ee7a iVIVU. R\u00e1t kh\u00e1c bi\u1ec7t v\u1edbi c\u00e1c trang booking kh\u00e1c.\" \/>\n<meta name=\"robots\" content=\"index, follow, max-snippet:-1, max-image-preview:large, max-video-preview:-1\" \/>\n<link rel=\"canonical\" href=\"https:\/\/www.ivivu.com\/blog\/cam-nhan-cua-khach-hang\/\" \/>\n<meta name=\"twitter:label1\" content=\"\u01af\u1edbc t\u00ednh th\u1eddi gian \u0111\u1ecdc\" \/>\n\t<meta name=\"twitter:data1\" content=\"1 ph\u00fat\" \/>\n<script type=\"application\/ld+json\" class=\"yoast-schema-graph\">{\"@context\":\"https:\/\/schema.org\",\"@graph\":[{\"@type\":\"WebPage\",\"@id\":\"https:\/\/www.ivivu.com\/blog\/cam-nhan-cua-khach-hang\/\",\"url\":\"https:\/\/www.ivivu.com\/blog\/cam-nhan-cua-khach-hang\/\",\"name\":\"C\u1ea3m nh\u1eadn c\u1ee7a kh\u00e1ch h\u00e0ng iVIVU\",\"isPartOf\":{\"@id\":\"https:\/\/www.ivivu.com\/blog\/#website\"},\"primaryImageOfPage\":{\"@id\":\"https:\/\/www.ivivu.com\/blog\/cam-nhan-cua-khach-hang\/#primaryimage\"},\"image\":{\"@id\":\"https:\/\/www.ivivu.com\/blog\/cam-nhan-cua-khach-hang\/#primaryimage\"},\"thumbnailUrl\":\"https:\/\/cdn3.ivivu.com\/2012\/05\/nusinh-du-hoc1.jpg\",\"datePublished\":\"2012-05-30T10:10:12+00:00\",\"dateModified\":\"2015-07-20T06:59:40+00:00\",\"description\":\"T\u00f4i ngh\u0129 s\u1ef1 ti\u1ec7n l\u1ee3i v\u00e0 th\u00e2n thi\u1ec7n ch\u00ednh l\u00e0 \u0111i\u1ec3m m\u1ea1nh c\u1ee7a iVIVU. R\u00e1t kh\u00e1c bi\u1ec7t v\u1edbi c\u00e1c trang booking kh\u00e1c.\",\"breadcrumb\":{\"@id\":\"https:\/\/www.ivivu.com\/blog\/cam-nhan-cua-khach-hang\/#breadcrumb\"},\"inLanguage\":\"vi\",\"potentialAction\":[{\"@type\":\"ReadAction\",\"target\":[\"https:\/\/www.ivivu.com\/blog\/cam-nhan-cua-khach-hang\/\"]}]},{\"@type\":\"ImageObject\",\"inLanguage\":\"vi\",\"@id\":\"https:\/\/www.ivivu.com\/blog\/cam-nhan-cua-khach-hang\/#primaryimage\",\"url\":\"https:\/\/cdn3.ivivu.com\/2012\/05\/nusinh-du-hoc1.jpg\",\"contentUrl\":\"https:\/\/cdn3.ivivu.com\/2012\/05\/nusinh-du-hoc1.jpg\",\"width\":\"300\",\"height\":\"255\"},{\"@type\":\"BreadcrumbList\",\"@id\":\"https:\/\/www.ivivu.com\/blog\/cam-nhan-cua-khach-hang\/#breadcrumb\",\"itemListElement\":[{\"@type\":\"ListItem\",\"position\":1,\"name\":\"Home\",\"item\":\"https:\/\/www.ivivu.com\/blog\/\"},{\"@type\":\"ListItem\",\"position\":2,\"name\":\"C\u1ea3m nh\u1eadn c\u1ee7a kh\u00e1ch h\u00e0ng iVIVU\"}]},{\"@type\":\"WebSite\",\"@id\":\"https:\/\/www.ivivu.com\/blog\/#website\",\"url\":\"https:\/\/www.ivivu.com\/blog\/\",\"name\":\"C\u1ea9m nang du l\u1ecbch\",\"description\":\"\",\"publisher\":{\"@id\":\"https:\/\/www.ivivu.com\/blog\/#organization\"},\"potentialAction\":[{\"@type\":\"SearchAction\",\"target\":{\"@type\":\"EntryPoint\",\"urlTemplate\":\"https:\/\/www.ivivu.com\/blog\/?s={search_term_string}\"},\"query-input\":\"required name=search_term_string\"}],\"inLanguage\":\"vi\"},{\"@type\":\"Organization\",\"@id\":\"https:\/\/www.ivivu.com\/blog\/#organization\",\"name\":\"iVIVU.com\",\"url\":\"https:\/\/www.ivivu.com\/blog\/\",\"logo\":{\"@type\":\"ImageObject\",\"inLanguage\":\"vi\",\"@id\":\"https:\/\/www.ivivu.com\/blog\/#\/schema\/logo\/image\/\",\"url\":\"https:\/\/cdn3.ivivu.com\/2024\/01\/ivivu_no_slogan.png\",\"contentUrl\":\"https:\/\/cdn3.ivivu.com\/2024\/01\/ivivu_no_slogan.png\",\"width\":788,\"height\":565,\"caption\":\"iVIVU.com\"},\"image\":{\"@id\":\"https:\/\/www.ivivu.com\/blog\/#\/schema\/logo\/image\/\"},\"sameAs\":[\"https:\/\/www.facebook.com\/iVIVU\"]}]}<\/script>\n<!-- \/ Yoast SEO Premium plugin. -->","yoast_head_json":{"title":"C\u1ea3m nh\u1eadn c\u1ee7a kh\u00e1ch h\u00e0ng iVIVU","description":"T\u00f4i ngh\u0129 s\u1ef1 ti\u1ec7n l\u1ee3i v\u00e0 th\u00e2n thi\u1ec7n ch\u00ednh l\u00e0 \u0111i\u1ec3m m\u1ea1nh c\u1ee7a iVIVU. R\u00e1t kh\u00e1c bi\u1ec7t v\u1edbi c\u00e1c trang booking kh\u00e1c.","robots":{"index":"index","follow":"follow","max-snippet":"max-snippet:-1","max-image-preview":"max-image-preview:large","max-video-preview":"max-video-preview:-1"},"canonical":"https:\/\/www.ivivu.com\/blog\/cam-nhan-cua-khach-hang\/","twitter_misc":{"\u01af\u1edbc t\u00ednh th\u1eddi gian \u0111\u1ecdc":"1 ph\u00fat"},"schema":{"@context":"https:\/\/schema.org","@graph":[{"@type":"WebPage","@id":"https:\/\/www.ivivu.com\/blog\/cam-nhan-cua-khach-hang\/","url":"https:\/\/www.ivivu.com\/blog\/cam-nhan-cua-khach-hang\/","name":"C\u1ea3m nh\u1eadn c\u1ee7a kh\u00e1ch h\u00e0ng iVIVU","isPartOf":{"@id":"https:\/\/www.ivivu.com\/blog\/#website"},"primaryImageOfPage":{"@id":"https:\/\/www.ivivu.com\/blog\/cam-nhan-cua-khach-hang\/#primaryimage"},"image":{"@id":"https:\/\/www.ivivu.com\/blog\/cam-nhan-cua-khach-hang\/#primaryimage"},"thumbnailUrl":"https:\/\/cdn3.ivivu.com\/2012\/05\/nusinh-du-hoc1.jpg","datePublished":"2012-05-30T10:10:12+00:00","dateModified":"2015-07-20T06:59:40+00:00","description":"T\u00f4i ngh\u0129 s\u1ef1 ti\u1ec7n l\u1ee3i v\u00e0 th\u00e2n thi\u1ec7n ch\u00ednh l\u00e0 \u0111i\u1ec3m m\u1ea1nh c\u1ee7a iVIVU. R\u00e1t kh\u00e1c bi\u1ec7t v\u1edbi c\u00e1c trang booking kh\u00e1c.","breadcrumb":{"@id":"https:\/\/www.ivivu.com\/blog\/cam-nhan-cua-khach-hang\/#breadcrumb"},"inLanguage":"vi","potentialAction":[{"@type":"ReadAction","target":["https:\/\/www.ivivu.com\/blog\/cam-nhan-cua-khach-hang\/"]}]},{"@type":"ImageObject","inLanguage":"vi","@id":"https:\/\/www.ivivu.com\/blog\/cam-nhan-cua-khach-hang\/#primaryimage","url":"https:\/\/cdn3.ivivu.com\/2012\/05\/nusinh-du-hoc1.jpg","contentUrl":"https:\/\/cdn3.ivivu.com\/2012\/05\/nusinh-du-hoc1.jpg","width":"300","height":"255"},{"@type":"BreadcrumbList","@id":"https:\/\/www.ivivu.com\/blog\/cam-nhan-cua-khach-hang\/#breadcrumb","itemListElement":[{"@type":"ListItem","position":1,"name":"Home","item":"https:\/\/www.ivivu.com\/blog\/"},{"@type":"ListItem","position":2,"name":"C\u1ea3m nh\u1eadn c\u1ee7a kh\u00e1ch h\u00e0ng iVIVU"}]},{"@type":"WebSite","@id":"https:\/\/www.ivivu.com\/blog\/#website","url":"https:\/\/www.ivivu.com\/blog\/","name":"C\u1ea9m nang du l\u1ecbch","description":"","publisher":{"@id":"https:\/\/www.ivivu.com\/blog\/#organization"},"potentialAction":[{"@type":"SearchAction","target":{"@type":"EntryPoint","urlTemplate":"https:\/\/www.ivivu.com\/blog\/?s={search_term_string}"},"query-input":"required name=search_term_string"}],"inLanguage":"vi"},{"@type":"Organization","@id":"https:\/\/www.ivivu.com\/blog\/#organization","name":"iVIVU.com","url":"https:\/\/www.ivivu.com\/blog\/","logo":{"@type":"ImageObject","inLanguage":"vi","@id":"https:\/\/www.ivivu.com\/blog\/#\/schema\/logo\/image\/","url":"https:\/\/cdn3.ivivu.com\/2024\/01\/ivivu_no_slogan.png","contentUrl":"https:\/\/cdn3.ivivu.com\/2024\/01\/ivivu_no_slogan.png","width":788,"height":565,"caption":"iVIVU.com"},"image":{"@id":"https:\/\/www.ivivu.com\/blog\/#\/schema\/logo\/image\/"},"sameAs":["https:\/\/www.facebook.com\/iVIVU"]}]}},"_links":{"self":[{"href":"https:\/\/www.ivivu.com\/blog\/wp-json\/wp\/v2\/pages\/1252"}],"collection":[{"href":"https:\/\/www.ivivu.com\/blog\/wp-json\/wp\/v2\/pages"}],"about":[{"href":"https:\/\/www.ivivu.com\/blog\/wp-json\/wp\/v2\/types\/page"}],"author":[{"embeddable":true,"href":"https:\/\/www.ivivu.com\/blog\/wp-json\/wp\/v2\/users\/3"}],"replies":[{"embeddable":true,"href":"https:\/\/www.ivivu.com\/blog\/wp-json\/wp\/v2\/comments?post=1252"}],"version-history":[{"count":59,"href":"https:\/\/www.ivivu.com\/blog\/wp-json\/wp\/v2\/pages\/1252\/revisions"}],"predecessor-version":[{"id":91346,"href":"https:\/\/www.ivivu.com\/blog\/wp-json\/wp\/v2\/pages\/1252\/revisions\/91346"}],"wp:featuredmedia":[{"embeddable":true,"href":"https:\/\/www.ivivu.com\/blog\/wp-json\/wp\/v2\/media\/2071"}],"wp:attachment":[{"href":"https:\/\/www.ivivu.com\/blog\/wp-json\/wp\/v2\/media?parent=1252"}],"curies":[{"name":"wp","href":"https:\/\/api.w.org\/{rel}","templated":true}]}}